{"id":3439,"date":"2021-04-17T16:09:55","date_gmt":"2021-04-17T16:09:55","guid":{"rendered":"https:\/\/mariliislaanemaa.com\/?post_type=product&#038;p=3439"},"modified":"2024-09-05T08:20:53","modified_gmt":"2024-09-05T08:20:53","slug":"iga-inimese-jaoks-tee-on-olemas-oige-socho","status":"publish","type":"product","link":"https:\/\/mariliislaanemaa.com\/eng\/product\/iga-inimese-jaoks-tee-on-olemas-oige-socho\/","title":{"rendered":"There is a true life path for everybody (S\u014dch\u014d)"},"content":{"rendered":"","protected":false},"excerpt":{"rendered":"<p>There is a true life path for everybody (S\u014dch\u014d)<\/p>\n<p>Mari-Liis Laanemaa. Drypoint, woodblock 1994.<\/p>\n<p>The artwork is made using the drypoint technique and printed with archival pigment print on cotton paper. Limited edition prints are numbered and signed.<\/p>\n<p>Artwork is available in sizes:<br \/>\n25&#215;26 cm 45\u20ac<br \/>\n52&#215;53 cm 175\u20ac<br \/>\n81&#215;83 cm 325\u20ac<\/p>\n<p>&nbsp;<\/p>\n<p>The price does not include the price of the frame.<\/p>\n<p>Contact me to order:<\/p>\n<p><a class=\"\" href=\"mailto:info@mariliislaanemaa.com\">info@mariliislaanemaa.com<\/a><br \/>\n+372 566 18468<\/p>","protected":false},"featured_media":3441,"template":"","meta":{"_monsterinsights_skip_tracking":false,"_monsterinsights_sitenote_active":false,"_monsterinsights_sitenote_note":"","_monsterinsights_sitenote_category":0},"product_brand":[],"product_cat":[35,22],"product_tag":[],"class_list":{"0":"post-3439","1":"product","2":"type-product","3":"status-publish","4":"has-post-thumbnail","6":"product_cat-print","7":"product_cat-graafika","9":"first","10":"instock","11":"virtual","12":"taxable","13":"product-type-simple","15":"catalog-layout-default","16":"columns-xs-1"},"acf":[],"aioseo_notices":[],"_links":{"self":[{"href":"https:\/\/mariliislaanemaa.com\/eng\/wp-json\/wp\/v2\/product\/3439","targetHints":{"allow":["GET"]}}],"collection":[{"href":"https:\/\/mariliislaanemaa.com\/eng\/wp-json\/wp\/v2\/product"}],"about":[{"href":"https:\/\/mariliislaanemaa.com\/eng\/wp-json\/wp\/v2\/types\/product"}],"wp:featuredmedia":[{"embeddable":true,"href":"https:\/\/mariliislaanemaa.com\/eng\/wp-json\/wp\/v2\/media\/3441"}],"wp:attachment":[{"href":"https:\/\/mariliislaanemaa.com\/eng\/wp-json\/wp\/v2\/media?parent=3439"}],"wp:term":[{"taxonomy":"product_brand","embeddable":true,"href":"https:\/\/mariliislaanemaa.com\/eng\/wp-json\/wp\/v2\/product_brand?post=3439"},{"taxonomy":"product_cat","embeddable":true,"href":"https:\/\/mariliislaanemaa.com\/eng\/wp-json\/wp\/v2\/product_cat?post=3439"},{"taxonomy":"product_tag","embeddable":true,"href":"https:\/\/mariliislaanemaa.com\/eng\/wp-json\/wp\/v2\/product_tag?post=3439"}],"curies":[{"name":"wp","href":"https:\/\/api.w.org\/{rel}","templated":true}]}}